d 35.
5
Calculate the greatest common divisor of 1975 and 158.
79
What is the highest common divisor of 75 and 100?
25
Calculate the highest common factor of 1170 and 210.
30
What is the highest common divisor of 8292 and 12?
12
What is the highest common divisor of 270 and 10314?
54
Calculate the greatest common factor of 28 and 2492.
28
What is the greatest common factor of 1357 and 2369?
23
What is the highest common divisor of 15616 and 61?
61
Calculate the highest common divisor of 609 and 87.
87
What is the greatest common divisor of 2 and 2962?
2
What is the greatest common factor of 49 and 343?
49
Calculate the highest common factor of 310 and 124.
62
Calculate the highest common divisor of 63817 and 13.
13
Calculate the greatest common divisor of 99 and 27.
9
Calculate the highest common factor of 560 and 80.
80
Calculate the highest common factor of 30 and 660.
30
What is the highest common divisor of 12168 and 104?
104
Calculate the highest common divisor of 18 and 774.
18
What is the greatest common factor of 30 and 75?
15
What is the highest common factor of 3 and 201?
3
Calculate the highest common factor of 28 and 448.
28
Calculate the highest common divisor of 9097 and 22.
11
Calculate the greatest common divisor of 54 and 294.
6
What is the highest common divisor of 48 and 40?
8
What is the greatest common factor of 41 and 1025?
41
What is the greatest common divisor of 957 and 145?
29
Calculate the greatest common divisor of 405 and 165.
15
What is the greatest common factor of 248 and 775?
31
What is the greatest common factor of 55 and 429?
11
Calculate the highest common factor of 152 and 323.
19
What is the greatest common divisor of 34 and 108?
2
Calculate the greatest common factor of 12 and 43698.
6
Calculate the highest common divisor of 119 and 187.
17
Calculate the greatest common factor of 123 and 656.
41
What is the greatest common factor of 24 and 75?
3
Calculate the highest common factor of 50327 and 59.
59
What is the highest common divisor of 66 and 18?
6
What is the highest common factor of 475 and 750?
25
Calculate the highest common factor of 9 and 15.
3
What is the highest common factor of 124 and 16?
4
Calculate the greatest common divisor of 692 and 8.
4
Calculate the highest common divisor of 60 and 336.
12
Calculate the highest common factor of 243 and 549.
9
Calculate the highest common divisor of 20 and 360.
20
Calculate the greatest common factor of 2916 and 24.
12
What is the greatest common factor of 253 and 99?
11
Calculate the highest common divisor of 56 and 19544.
56
What is the highest common factor of 124 and 3937?
31
Calculate the greatest common divisor of 221 and 65.
13
Calculate the greatest common factor of 1220 and 120.
20
Calculate the greatest common factor of 32223 and 69.
69
Calculate the greatest common factor of 196 and 1.
1
What is the highest common divisor of 306 and 486?
18
Calculate the greatest common factor of 10 and 18.
2
Calculate the highest common divisor of 32782 and 74.
74
Calculate the highest common factor of 3402 and 84.
42
What is the highest common divisor of 49 and 196?
49
Calculate the greatest common divisor of 4 and 9768.
4
Calculate the greatest common factor of 460 and 40.
20
Calculate the highest common factor of 39 and 9.
3
What is the greatest common factor of 156 and 276?
12
Calculate the greatest common factor of 11 and 121.
11
Calculate the highest common divisor of 603 and 567.
9
Calculate the highest common divisor of 532 and 126.
14
Calculate the greatest common divisor of 6 and 128.
2
What is the greatest common factor of 13 and 52?
13
What is the highest common factor of 156 and 18?
6
What is the highest common divisor of 12 and 768?
12
What is the highest common divisor of 26 and 143?
13
What is the greatest common divisor of 40 and 26020?
20
What is the greatest common divisor of 52 and 403?
13
What is the greatest common divisor of 72 and 312?
24
What is the highest common divisor of 3393 and 203?
29
What is the greatest common factor of 444 and 48?
12
Calculate the greatest common divisor of 48 and 232.
8
Calculate the greatest common divisor of 77 and 4697.
77
Calculate the greatest common factor of 783 and 567.
27
What is the highest common divisor of 70 and 630?
70
Calculate the highest common factor of 1917 and 71.
71
Calculate the greatest common divisor of 5 and 5.
5
Calculate the greatest common divisor of 6 and 66.
6
Calculate the highest common factor of 2891 and 59.
59
What is the greatest common divisor of 459 and 27?
27
Calculate the highest common divisor of 848 and 53.
53
Calculate the highest common divisor of 13470 and 90.
30
What is the greatest common factor of 7220 and 20?
20
Calculate the highest common factor of 9 and 5193.
9
Calculate the greatest common divisor of 1270 and 310.
10
Calculate the highest common divisor of 80 and 1872.
16
What is the highest common factor of 65 and 156?
13
What is the highest common divisor of 88 and 1496?
88
What is the greatest common divisor of 19 and 27?
1
Calculate the greatest common factor of 10 and 305.
5
Calculate the highest common factor of 583 and 371.
53
What is the greatest common divisor of 17 and 901?
17
Calculate the highest common divisor of 5048 and 8.
8
Calculate the greatest common factor of 473 and 559.
43
What is the greatest common divisor of 168 and 46536?
168
Calculate the greatest common divisor of 480 and 25.
5
What is the highest common factor of 280 and 1600?
40
Calculate the highest common factor of 2 and 7.
1
Calculate the highest common divisor of 847 and 21.
7
What is the greatest common divisor of 144 and 36?
36
Calculate the highest common factor of 4579 and 19.
19
What is the greatest common divisor of 90 and 306?
18
Calculate the greatest common divisor of 56 and 8680.
56
What is the highest common divisor of 592 and 370?
74
Calculate the highest common divisor of 184 and 1748.
92
What is the greatest common divisor of 174 and 72?
6
Calculate the greatest common divisor of 57129 and 411.
411
Calculate the greatest common divisor of 3161 and 4033.
109
Calculate the greatest common divisor of 60 and 50.
10
What is the highest common factor of 1855 and 159?
53
Calculate the greatest common factor of 49 and 98.
49
Calculate the greatest common factor of 770 and 462.
154
What is the greatest common divisor of 180 and 28?
4
Calculate the greatest common factor of 20 and 212.
4
Calculate the greatest common factor of 361 and 19.
19
What is the greatest common divisor of 134 and 5427?
67
Calculate the greatest common divisor of 428 and 7169.
107
Calculate the highest common divisor of 747 and 27.
9
What is the highest common divisor of 308 and 55?
11
Calculate the greatest common factor of 2 and 632.
2
What is the greatest common factor of 19 and 1216?
19
Calculate the greatest common divisor of 44 and 4.
4
What is the highest common factor of 130 and 28990?
130
Calculate the highest common divisor of 1342 and 1647.
61
Calculate the highest common divisor of 1276 and 22.
22
Calculate the highest common divisor of 546 and 6972.
42
What is the greatest common divisor of 6 and 2154?
6
What is the highest common factor of 108 and 486?
54
What is the greatest common factor of 8570 and 4?
2
Calculate the highest common factor of 172 and 731.
43
Calculate the highest common factor of 323 and 17.
17
Calculate the highest common factor of 51 and 2091.
51
What is the highest common factor of 36 and 549?
9
What is the highest common divisor of 135 and 285?
15
Calculate the highest common factor of 348 and 18.
6
What is the highest common divisor of 18038 and 58?
58
Calculate the highest common divisor of 1806 and 1032.
258
Calculate the highest common divisor of 153 and 17.
17
What is the greatest common factor of 14 and 434?
14
Calculate the greatest common divisor of 366 and 4453.
61
Calculate the highest common divisor of 4 and 92.
4
Calculate the greatest common factor of 236 and 59.
59
Calculate the greatest common factor of 15 and 4290.
15
Calculate the highest common factor of 350 and 1100.
50
What is the highest common divisor of 90 and 27?
9
Calculate the greatest common factor of 72 and 198.
18
What is the greatest common factor of 260 and 65?
65
Calculat